= 2*b**2 - 28*b + 15. What is g(t)?
-11
Suppose -2*f + 552 = -10*f. Let z = f + 78. Let v(r) = r**2 - 2 + 5*r + 3*r + 7*r**2 - r**3 - 1. Calculate v(z).
-12
Let w(h) = -6*h + 7. Let f(x) be the first derivative of -4*x**2 + 6*x - 99. Let g(i) = 2*f(i) - 3*w(i). Calculate g(-9).
-27
Let v(y) be the second derivative of 5*y**5/4 - y**4/12 - y**3/6 - y**2/2 + 793*y. Suppose -11 = 7*u - 2*u - 2*b, u = -5*b + 14. Determine v(u).
-26
Let f = 55 - 32. Let b(t) = 18 - t - f + 16 + 18. Calculate b(0).
29
Let b(h) = 2 + 567*h**2 + 514*h**2 - 12*h - 1082*h**2. Determine b(-10).
22
Let z(g) = g**3 - 69*g**2 + 255*g + 311. Let d be z(65). Let k(j) = 2*j**2 + 28*j + 15. Calculate k(d).
15
Suppose -2*n = 2*j - 14, -10*n - 5 = -15*n + 5*j. Suppose -2*z = a - 14 + 5, n*a = 4*z + 24. Let d(g) = -g**3 - 3 + 7*g + 5 + 6*g**2 + 5. Calculate d(a).
7
Let d(z) = -3*z + 1. Let p be 1/(-3) - (10 + 130/(-30)). Let h(x) = 15*x - 11. Let r(g) = p*d(g) - h(g). Give r(-6).
-13
Let r be ((-6)/(-8))/(-3) + (-11)/4. Let a(q) = -8*q + 7. Let s = -6 - 5. Let u(d) = -4*d + 4. Let v(g) = s*u(g) + 6*a(g). What is v(r)?
10
Let b(n) = 120*n**2 + 147*n**2 - 18*n + 13 + 147*n**2 - 413*n**2. Determine b(9).
-68
Let f(r) be the third derivative of 0 + 0*r - 1/8*r**4 - 4/3*r**3 - 33*r**2. Give f(-6).
10
Let i(c) = 34*c**3 - c**2 + 28*c + 11. Let a(k) = -7*k**3 - 5*k - 2. Let d(h) = -11*a(h) - 2*i(h). Give d(2).
78
Let q(g) = g**2 - g**3 + 0*g**2 + 14 + 2235*g + 0*g**3 + 7*g**2 - 2229*g. What is q(9)?
-13
Let o(j) = 9*j + 1. Suppose -3*d + 0*k = -k + 44, 3*k = 6. Let z = d + 16. Let x(m) = m**2 - 2*m - 1. Let n be x(z). Calculate o(n).
-8
Let w(c) be the second derivative of 5*c**4/12 - 73*c**3/6 + 5*c**2 + 1805*c. Give w(15).
40
Let v(u) be the third derivative of 7*u**4/24 + 49*u**3/6 + 1340*u**2 - 2. Determine v(-12).
-35
Let z(u) be the second derivative of -u**4/4 - 2*u**3/3 - 16*u. Suppose -192 = -3*s + v, 9*v + 248 = 4*s + 5*v. Let c = s + -68. Determine z(c).
-15
Let i(h) = h**3 - 16*h + 3. Let b be i(-4). Let n = -2 + 4. Let p(g) = -n + 2 + g - 3*g + 1. Determine p(b).
-5
Suppose 5*p - 2*b = -248, 216*p - 5*b = 213*p - 145. Let l be (4 - -54) + 1 + -2. Let s = l + p. Let g(f) = f**2 - 5*f - 9. What is g(s)?
5
Let g(f) = -7*f. Let d(k) = 7*k + 27. Let a be d(-3). Let t(v) = 5*v + 6*v + a*v - 16*v. Let z(l) = 6*g(l) + 39*t(l). Give z(1).
-3
Let h(m) be the second derivative of m**7/2520 + m**5/40 + 11*m**4/3 + m**3/3 + 20*m - 1. Let x(y) be the third derivative of h(y). What is x(0)?
3
Let u(h) = 5*h**3 - 16*h**2 - 2*h - 7. Let f(v) = -4*v**3 + 15*v**2 + 2*v + 8. Let q(i) = 6*f(i) + 5*u(i). Let j(d) = 4*d + 18. Let n be j(-7). Determine q(n).
-7
Let h(i) = 5*i**2 + 2*i - 2. Suppose -5*w = -p + 24, 22 = -3*p + 34. What is h(w)?
70
Let h(m) = -319*m - 642. Let a be h(-2). Let f(q) = 3*q. Calculate f(a).
-12
Let v(h) be the third derivative of -h**4/24 - 4*h**3/3 - 5*h**2 + 36. Suppose -4*x + 1 = 29. Give v(x).
-1
Suppose 180*g = 176*g + 5*s + 17, 5*s = -g + 23. Let c(y) = -y**2 + 5*y + 6. Determine c(g).
-18
Let a(m) = 6*m**2 + 4*m**2 - 17*m + 3 - 14 - 9*m**2. Let v be a(18). Let y(c) = c + 2. Calculate y(v).
9
Suppose -5*z + c + 380 = 388, 0 = -z + 4*c - 13. Let d(w) = w**3 + w**2 - 2*w - 2. Calculate d(z).
0
Let w(c) be the second derivative of -c**4/6 - 8*c**3/3 - 8*c**2 - 896*c. Give w(-10).
-56
Let t(u) = u**3 + 17*u**2 + 24*u - 67. Let f(n) = -n**3 - 9*n**2 - 9*n + 33. Let w(z) = 5*f(z) + 2*t(z). Determine w(-4).
35
Let k(h) = -14*h + 41. Let z(i) = -31*i + 80. Let c(o) = 5*k(o) - 2*z(o). Determine c(7).
-11
Let f(k) be the second derivative of 3*k**5/40 - 3*k**3 + 24*k + 1. Let j(y) be the second derivative of f(y). What is j(2)?
18
Let r(f) be the third derivative of f**4/2 + 17*f**3/2 + 1086*f**2. What is r(-5)?
-9
Let s(l) = 12*l. Let m(v) = -v. Let b be 3/((-135)/10) - 33/(-27). Let i(d) = b*s(d) + 16*m(d). Give i(4).
-16
Let j(a) = -110*a - 27. Let i(c) = -87*c - 26. Let n(w) = -10*i(w) + 8*j(w). Give n(7).
-26
Let u be ((-6)/3)/((-3)/216). Let d(n) = -143*n + 6 - u*n + 285*n. Give d(9).
-12
Let t(d) = -4*d + 4. Let w be t(3). Let s be ((-14)/6 - 13/(-13))*3. Let o be 18/(-4) + s/w. Let y(k) = -k**3 - 6*k**2 - 3*k + 3. Determine y(o).
-17
Suppose -4*c + 46 = 38. Let x(g) = 3*g - 12*g + 6*g - g**3 - 3*g**c + 2 - 5. Give x(-3).
6
Let n(l) = l**3 + 39*l**2 - 319*l + 135. Let k be n(-46). Let s(y) = y**3 + 2*y**2 - 8*y - 6. Give s(k).
9
Suppose -35*j - 206 - 192 = -48. Let x(u) = u**3 + 12*u**2 + 18*u - 28. Determine x(j).
-8
Let k(a) = -4*a + 4*a - 2*a - 11*a**2 - a**3 - 1 + 16*a**2. What is k(4)?
7
Let q(m) be the third derivative of -m**5/60 - m**4/6 - 7*m**3/6 - 293*m**2. What is q(-4)?
-7
Let o(x) = -5*x - 7. Let s(n) = -2*n - 1. Let d be (30/50)/(3/2)*10. Let c(z) = d*s(z) - o(z). What is c(-5)?
18
Suppose f + 3*c - 17 = 0, -35 = -3*f + 4*c - 9*c. Let d be 3 + -1 + 1/(f/280). Suppose 0 = 6*i + d - 16. Let n(b) = -b**2 - 7*b - 6. Calculate n(i).
-6
Let f(s) be the first derivative of 1/4*s**4 + 24 - 2/3*s**3 - 7/2*s**2 + 5*s. Calculate f(4).
9
Let c(b) = -b**3 + 27*b**2 + 16. Let j(i) = -3*i**3 + 136*i**2 + 2*i + 82. Let x(a) = -11*c(a) + 2*j(a). What is x(5)?
8
Let f(a) = -17*a**2 + 20*a - 25. Let w(u) = -24*u**2 + 30*u - 38. Let q(o) = 7*f(o) - 5*w(o). What is q(6)?
-9
Let h(a) = -a**2 + a. Let w(q) = q - 2. Let b be w(-4). Let t(y) = -y**3 + y. Let c(i) = b*h(i) + t(i). Let j be (((-10)/4)/(-1))/((-2)/(-4)). Calculate c(j).
0
Let q(x) = -x**3 + 23*x**2 + 49*x + 26. Let l be q(25). Let d be (-3)/6*(l - (3 + -2)). Let g(y) = y + 37. Determine g(d).
37
Let q = -283 + 284. Let d(g) = 2*g**2 - 416*g + q + 415*g - 20*g**2. Give d(1).
-18
Let y(l) = l**3 + 4*l**2 - 4*l + 1. Let t(v) = 6*v**3 + v**2 - 6*v - 6. Suppose 5*q - 14 = -19. Let i be t(q). What is y(i)?
-4
Let s be (-105)/(-20) + (10700/80)/(-107). Let y(a) be the third derivative of -a**5/60 - 5*a**3/6 + a**2. Give y(s).
-21
Let c(h) = -3*h**3 - 2*h**2 - 2*h - 2. Let y(r) = -80*r - 6*r**2 + 13 + 70*r - 4 + 5*r**2. Let z be y(-11). Give c(z).
18
Let n(x) = -x**3 + 9*x**2 + 8*x + 10. Suppose -30*z + 14*z + 5904 = 0. Let c = -359 + z. Determine n(c).
-10
Let f(k) = -23*k + 52. Let b(m) = 14*m - 30. Let t(x) = 5*b(x) + 3*f(x). Give t(-13).
-7
Let d(x) be the third derivative of -3*x**4/8 + x**3/6 - 9*x**2. Let c(j) = -8 - 12 - 17 + 7*j + 5 + j**2. Let q be c(-10). What is d(q)?
19
Let k(a) = -2*a - 9. Let u(d) = 54*d - 274. Let z be u(5). What is k(z)?
-1
Let x(w) be the third derivative of w**5/60 - 5*w**4/24 - 71*w**3/3 + 6034*w**2. Calculate x(15).
8
Let q(n) = -n**3 + n**2 - 16. Suppose -6 = -15*f + 24. Suppose 5*d + k = 1, -6*d + f*d + 5 = 5*k. Calculate q(d).
-16
Let t = -526 + 523. Let n(h) = 1. Let w(z) = -z - 11. Let p(r) = -44*n(r) - 4*w(r). Calculate p(t).
-12
Let o = 266 - 267. Let u(i) = -2*i - 1. Let d(k) = 11*k + 3. Let b(x) = o*d(x) - 6*u(x). Let c(m) = -m**3 + 3*m**2 + 3*m + 1. Let q be c(4). Determine b(q).
0
Suppose -430 + 22 = 68*g. Let m(j) = j**3 + 8*j**2 + 5*j - 8. Calculate m(g).
34
Suppose 42*p + 6209 - 6419 = 0. Let z(w) = w**2 - 4*w + 22. Calculate z(p).
27
Let m be ((-3540)/(-413))/((-6)/(-14)). Let q(j) = 2*j**3 - 41*j**2 + 19*j + 15. Give q(m).
-5
Suppose 12*a - a = 5401. Let s(n) = 491 - a - n. Determine s(6).
-6
Let p(m) be the first derivative of -1/4*m**4 + 0*m - m**3 + 1/2*m**2 + 14. Give p(-4).
12
Let t(b) be the third derivative of -b**6/120 + 9*b**5/20 - 23*b**4/24 - 85*b**3/6 - 501*b**2 + 4. Calculate t(26).
-7
Let i(g) be the first derivative of g**4/4 - 7*g**3/3 + 3*g**2/2 + g - 6670. Give i(3).
-26
Let k(o) = o**3 + 13*o**2 - 28*o + 6. Let d be 30/25*2*200/(-32). What is k(d)?
-24
Let a(f) = -41*f**2 + 83*f**2 - 41*f**2 - 4. Let z = 57 - 31. Let q be z/8 - 8/32. Determine a(q).
5
Let a(k) = 3*k - 22. Let u(f) = f + 2. Let x(t) = a(t) + 5*u(t). Let g(s) = -11*s + 11. Let c(i) = -3*g(i) - 4*x(i). Give c(-11).
4
Suppose 211*f - 380*f + 191*f = 44. Let y(u) = -u - 2. Let v(z) = -12*z - 27. Let g(w) = -2*v(w) + 27*y(w). What is g(f)?
-6
Let z(a) be the first derivative of -a**2/2 - 11*a + 3609. Determine z(-2).
-9
Let w(l) = -l**2 + 25*l + 1924. Let s be w(-33). Let q(y) = -7*y + 68. Calculate q(s).
-2
Let y(g) = -3*g**3 - 5*g**2 + g - 7. Suppose 715 = 19*l + 772. Calculate y(l).